culate the greatest common divisor of l and 6.
2
Let u(o) = o**2 - 2*o + 48. Let x be u(0). What is the highest common divisor of 32 and x?
16
Let k(o) = o**2 + 4*o - 27. Let n be k(-8). Let f(i) = -4*i - 3. Let g be f(-7). Suppose 2*p + g = 7*p. What is the greatest common divisor of n and p?
5
Suppose 0 = -3*t - 2*v + 53, 2*t + 2*v - 3*v - 40 = 0. Let p = -14 - -24. Let n = t - p. Calculate the greatest common divisor of n and 36.
9
Let l(a) = 137*a - 8. Let r(b) = 411*b - 23. Let i(u) = -17*l(u) + 6*r(u). Let k be i(1). Calculate the highest common divisor of k and 15.
15
Let q = 4 + 18. Calculate the highest common divisor of q and 55.
11
Suppose -2*y = -6*y + 20. Suppose 0*n + 5*q + 225 = y*n, 2*n - 5*q = 81. What is the highest common factor of 6 and n?
6
Suppose -3*m - 648 = -0*m. Let k = m - -541. Suppose k = 4*r + r. Calculate the greatest common factor of 13 and r.
13
Let z = 10 - 4. Suppose -s = -4*s + z. Calculate the greatest common factor of s and 1.
1
Let u be 9/(-6)*4/(-3). Let r(p) = -p**2 + p + 2. Let b be r(2). Suppose 3*q + 6 = i, 3*i - u*q - 9 - 9 = b. What is the greatest common divisor of i and 12?
6
Let a(w) be the third derivative of w**6/120 + 7*w**5/60 - w**4/2 - 4*w**3/3 - 3*w**2. Let x be a(-8). What is the highest common divisor of 60 and x?
12
Let h be (5 - 1) + 8 + -10. Suppose 0 = z + 2*z - 42. Calculate the greatest common divisor of h and z.
2
Suppose 5*s = 3*l + 234, 3*l + 119 + 19 = 3*s. What is the highest common divisor of 6 and s?
6
Let d be (28/8)/((-1)/2). Let k = 22 + d. What is the greatest common divisor of k and 60?
15
Suppose -4*v + 3*d + 13 = -10, d = -4*v + 3. Suppose -30 - 20 = -v*b. What is the highest common factor of b and 5?
5
Suppose b - 15 = -7*k + 2*k, -4*b = 3*k + 8. Calculate the highest common factor of 2 and k.
2
Let f(n) = -n**3 + 6*n**2 - 4*n - 8. Let v be f(4). Calculate the greatest common factor of v and 8.
8
Let b = -22 + 34. Calculate the highest common divisor of 96 and b.
12
Let b(g) = g**3 - 3*g**2 - 3*g - 1. Let u be b(4). Suppose m = -4*o + 24, -1 = 3*m - u*o + 2. Let t = 6 - m. What is the greatest common factor of 2 and t?
2
Let s be (4/(-10))/(3/(-30)). Let a be 3/(-12) + 3/(-4). Let z be -3*((-94)/6 - a). What is the highest common divisor of s and z?
4
Suppose -3*u = 3*x - 39, 4*u - x = 13 + 64. Calculate the highest common divisor of u and 144.
18
Let z(a) = 19*a**3 - a**2 + 1. Let v be z(1). What is the greatest common divisor of 171 and v?
19
Suppose -f + 6 = 2*f. Let j(m) = 3*m - 2. Let a be j(f). Let l be (a/(-6))/((-2)/240). What is the greatest common factor of 32 and l?
16
Suppose 0 = -2*c - 3 + 69. Let u = 30 - -45. Let s be u/7 - (-2)/7. Calculate the highest common factor of c and s.
11
Suppose -y - y = 6, 3*y + 21 = m. Suppose 0 = v + 3. Let t(d) = d**3 + 5*d**2 + 2*d. Let i be t(v). What is the highest common divisor of m and i?
12
Let j(t) = -t**3 + 5*t - 5 - t**2 + 0*t - 4*t**2. Let u be j(-6). What is the greatest common divisor of u and 8?
1
Let t be 735/63*(3 - 0/(-2)). Calculate the greatest common factor of 70 and t.
35
Let f be 1*-1*(-11 - -4). Suppose f*n = 4*n + 51. Let r = n + -12. Calculate the greatest common divisor of 1 and r.
1
Suppose 11*t = 6*t + 55. Suppose -p = -t + 1. Calculate the highest common divisor of p and 5.
5
Let b(t) = t**3 - 2*t**2 - 2*t. Let d be b(4). Suppose 0 = z + 3*z - d. What is the greatest common divisor of 18 and z?
6
Let s = 26 - 14. Let f(q) = -q**3 + 7*q**2 + q - 2. Let z be f(7). Suppose 0 = -5*t + z, 0*c + 45 = 2*c - 3*t. What is the highest common factor of s and c?
12
Let o = 58 - 10. What is the highest common factor of 16 and o?
16
Suppose -u - 3*g + 33 = 0, 0 = 2*g - 0 - 6. What is the highest common divisor of 6 and u?
6
Let y be 2*((4 - 2) + 2). Suppose 4*u = -2*g + 16, g = -4*u + 12 + 2. What is the greatest common divisor of g and y?
2
Suppose 352 = 8*c + 8*c. What is the highest common divisor of c and 77?
11
Let h(s) = 2*s**2 + 25*s + 21. Let t be h(-15). What is the highest common factor of 12 and t?
12
Let l = 139 + -83. Let a = -23 - -36. Let g = a - 5. Calculate the highest common divisor of l and g.
8
Let k(y) = y**3 - 13*y**2 + y - 16. Let a be k(13). Let m be a*(-1)/(3/9). Suppose 5*v - 130 = 185. Calculate the highest common divisor of m and v.
9
Suppose 4*j - 120 = 564. Suppose -2*q + 0*p - 4*p = -150, 231 = 3*q + 4*p. Suppose -5*f + q = -14. What is the highest common factor of j and f?
19
Let d = -4 + 34. Let j be 3/(-2)*(-1 + -7). What is the greatest common factor of j and d?
6
Suppose 5*q + 97 = 2*z, -2*q - 8 = -2*z + 26. Let s = q - -30. Suppose 0 = -2*o - 4 + 58. Calculate the highest common divisor of o and s.
9
Suppose 0 = 4*y + y - 15. Suppose 2*m - 3 - 3 = 0. What is the greatest common divisor of y and m?
3
Let x(s) = s**3 + 4*s**2 - 4. Suppose 5*n - 1 = -3*k - 10, 5*k + 15 = -n. Let c be x(k). Suppose 3*u - 1 = c. What is the greatest common divisor of u and 8?
2
Let o(r) = r**3 - 6*r**2 + r - 3. Let x be o(6). Suppose -x = -n - 13. Let f = n + 15. Calculate the greatest common divisor of 25 and f.
5
Suppose 8*x + 223 = 767. Calculate the greatest common divisor of x and 17.
17
Let j = 258 + -126. What is the greatest common factor of j and 12?
12
Let c(z) = z**2 - 2*z + 2. Let y be c(2). Suppose -3 = -y*i + 7. Calculate the greatest common factor of 2 and i.
1
Let n be ((-6)/(-9))/((-4)/(-6)). Let y(x) = 5*x**2 - 1 - 3 + 3*x - 5*x - x**3 + 3. Let b be y(3). What is the greatest common divisor of b and n?
1
Suppose 5*x - 325 = -4*i, 0 = -4*i - x + 18 + 303. Calculate the highest common divisor of 10 and i.
10
Let b(a) = a**3 - 19*a**2 + 17*a + 21. Let i be b(18). Calculate the greatest common divisor of 3 and i.
3
Let b(u) be the second derivative of 5*u**4/12 - u**3/6 - u**2 - u. Let a be b(-6). What is the greatest common divisor of a and 23?
23
Let q(l) = l**3 + 3*l**2 - 7*l - 5. Let h be q(-4). Calculate the greatest common divisor of 7 and h.
7
Let d be (150/24)/(1/4). Calculate the greatest common divisor of 225 and d.
25
Suppose -2*g = 3*g + 5, 4*u - g - 401 = 0. Suppose -f - 2*f = -36. Suppose -u = -4*r + f. Calculate the greatest common divisor of 42 and r.
14
Suppose 0 = -4*r + 4 + 56. Suppose -3*n + 15 = 4*m, -4*m + 5*m - 3*n = -r. Suppose 4*x + x - 165 = m. What is the highest common divisor of 3 and x?
3
Suppose 4*y + 53 - 7 = 5*r, -4*r = -5*y - 44. What is the greatest common factor of 42 and r?
6
Let w be (1 - 4)/3*17. Let g = 53 + w. Calculate the greatest common factor of 4 and g.
4
Suppose -140 = -0*y - 4*y. Let a = -36 - -50. What is the greatest common divisor of y and a?
7
Suppose -3*q + 32 - 8 = 0. Let h = q + -1. Let l = -2 + h. What is the highest common divisor of l and 5?
5
Let w = 658 - 284. Suppose 4*d - 98 = -k + 3*d, -4*k + 5*d + w = 0. What is the greatest common factor of k and 12?
12
Let p = 9 - -76. What is the highest common divisor of 34 and p?
17
Suppose p + 4*p - 85 = 0. Let k = 39 - p. Let x = 126 + -71. Calculate the greatest common factor of k and x.
11
Let h = 38 - 22. What is the greatest common divisor of h and 16?
16
Let k = 20 - 18. Suppose 3*i = 8*i + u - 105, 0 = k*u. What is the greatest common factor of i and 189?
21
Let o be (-11)/((-2)/(-1) - 4 - -1). Calculate the highest common factor of o and 55.
11
Let o be 56 + (-15)/5 + 4. What is the greatest common factor of 19 and o?
19
Let p = -25 + 36. Let x be 2*(-1)/2 + 78. Calculate the highest common divisor of x and p.
11
Suppose -l + 3 = 6. Let p = l + 9. Calculate the highest common divisor of p and 3.
3
Suppose -19 = 5*w - 139. What is the greatest common factor of 3 and w?
3
Let t(j) = j**2 + 7*j - 7. Let n be t(-7). Let l be -4 - n - -103*2. What is the highest common divisor of l and 19?
19
Let a(r) = -r**3 + r**2 + r + 1. Suppose 2*u = -1 - 3. Let z be a(u). What is the highest common factor of 99 and z?
11
Suppose g - 6*g = 0. Suppose -3*z = -g*z - 12. What is the highest common factor of z and 12?
4
Let y(q) = q**2 + 14*q + 50. Let m be y(-7). What is the highest common divisor of 7 and m?
1
Suppose 4*c = 6*c. Suppose c = -l - l + 44. Let b be 4/(-10) + (-3636)/(-15). Calculate the highest common factor of b and l.
22
Let k be -3*(-3 - (2 + 1)). Calculate the gr